is divided by 35?
3
What is the remainder when 767 is divided by 11?
8
Calculate the remainder when 7591 is divided by 2527.
10
What is the remainder when 4340 is divided by 124?
0
Calculate the remainder when 102 is divided by 5.
2
Calculate the remainder when 416 is divided by 85.
76
Calculate the remainder when 830 is divided by 34.
14
Calculate the remainder when 1163 is divided by 305.
248
Calculate the remainder when 611 is divided by 286.
39
Calculate the remainder when 1830 is divided by 908.
14
What is the remainder when 868 is divided by 29?
27
What is the remainder when 342 is divided by 180?
162
What is the remainder when 2449 is divided by 2448?
1
What is the remainder when 1343 is divided by 50?
43
What is the remainder when 584 is divided by 45?
44
Calculate the remainder when 12567 is divided by 5.
2
What is the remainder when 102 is divided by 44?
14
What is the remainder when 88 is divided by 21?
4
Calculate the remainder when 407 is divided by 198.
11
Calculate the remainder when 58 is divided by 32.
26
Calculate the remainder when 6956 is divided by 145.
141
What is the remainder when 129 is divided by 35?
24
What is the remainder when 87 is divided by 22?
21
What is the remainder when 441 is divided by 34?
33
Calculate the remainder when 3845 is divided by 41.
32
What is the remainder when 307 is divided by 77?
76
What is the remainder when 101 is divided by 28?
17
Calculate the remainder when 349 is divided by 162.
25
Calculate the remainder when 292 is divided by 7.
5
What is the remainder when 8812 is divided by 78?
76
Calculate the remainder when 987 is divided by 48.
27
Calculate the remainder when 69 is divided by 21.
6
What is the remainder when 910 is divided by 446?
18
Calculate the remainder when 5574 is divided by 24.
6
Calculate the remainder when 184 is divided by 64.
56
Calculate the remainder when 81 is divided by 25.
6
What is the remainder when 8443 is divided by 103?
100
What is the remainder when 281 is divided by 91?
8
What is the remainder when 19 is divided by 3?
1
What is the remainder when 120 is divided by 34?
18
What is the remainder when 343 is divided by 110?
13
What is the remainder when 1304 is divided by 17?
12
What is the remainder when 3573 is divided by 507?
24
Calculate the remainder when 379 is divided by 38.
37
What is the remainder when 814 is divided by 35?
9
What is the remainder when 2792 is divided by 2791?
1
What is the remainder when 411 is divided by 59?
57
Calculate the remainder when 306 is divided by 26.
20
Calculate the remainder when 90 is divided by 24.
18
Calculate the remainder when 5189 is divided by 44.
41
What is the remainder when 505 is divided by 130?
115
Calculate the remainder when 63 is divided by 17.
12
Calculate the remainder when 486 is divided by 61.
59
Calculate the remainder when 185 is divided by 28.
17
What is the remainder when 546 is divided by 171?
33
What is the remainder when 314 is divided by 64?
58
What is the remainder when 998 is divided by 11?
8
What is the remainder when 184 is divided by 25?
9
Calculate the remainder when 113 is divided by 21.
8
What is the remainder when 3158 is divided by 52?
38
What is the remainder when 362 is divided by 41?
34
Calculate the remainder when 6522 is divided by 14.
12
What is the remainder when 1034 is divided by 104?
98
Calculate the remainder when 239 is divided by 24.
23
Calculate the remainder when 89 is divided by 48.
41
What is the remainder when 989 is divided by 58?
3
Calculate the remainder when 516 is divided by 52.
48
Calculate the remainder when 2067 is divided by 144.
51
What is the remainder when 21 is divided by 3?
0
What is the remainder when 99 is divided by 52?
47
What is the remainder when 259 is divided by 13?
12
Calculate the remainder when 247 is divided by 8.
7
What is the remainder when 142 is divided by 72?
70
Calculate the remainder when 1090 is divided by 78.
76
What is the remainder when 2079 is divided by 10?
9
Calculate the remainder when 393 is divided by 23.
2
What is the remainder when 24077 is divided by 16?
13
What is the remainder when 662 is divided by 50?
12
Calculate the remainder when 3239 is divided by 72.
71
What is the remainder when 3586 is divided by 17?
16
What is the remainder when 528 is divided by 512?
16
What is the remainder when 544 is divided by 204?
136
Calculate the remainder when 497 is divided by 167.
163
What is the remainder when 216 is divided by 6?
0
What is the remainder when 192 is divided by 20?
12
What is the remainder when 581 is divided by 97?
96
What is the remainder when 10363 is divided by 21?
10
What is the remainder when 471 is divided by 29?
7
Calculate the remainder when 5130 is divided by 855.
0
Calculate the remainder when 234 is divided by 51.
30
Calculate the remainder when 275 is divided by 92.
91
What is the remainder when 1339 is divided by 11?
8
What is the remainder when 46 is divided by 16?
14
Calculate the remainder when 3873 is divided by 9.
3
Calculate the remainder when 1156 is divided by 58.
54
What is the remainder when 1797 is divided by 448?
5
What is the remainder when 7188 is divided by 288?
276
What is the remainder when 63 is divided by 33?
30
What is the remainder when 765 is divided by 237?
54
What is the remainder when 148 is divided by 29?
3
Calculate the remainder when 346 is divided by 106.
28
What is the remainder when 24 is divided by 23?
1
What is the remainder when 3256 is divided by 251?
244
What is the remainder when 797 is divided by 23?
15
Calculate the remainder when 531 is divided by 101.
26
Calculate the remainder when 26 is divided by 16.
10
Calculate the remainder when 9181 is divided by 49.
18
What is the remainder when 1996 is divided by 80?
76
Calculate the remainder when 3926 is divided by 559.
13
What is the remainder when 65 is divided by 17?
14
What is the remainder when 239 is divided by 12?
11
What is the remainder when 256 is divided by 52?
48
Calculate the remainder when 9044 is divided by 45.
44
What is the remainder when 2905 is divided by 48?
25
What is the remainder when 315 is divided by 64?
59
What is the remainder when 854 is divided by 19?
18
What is the remainder when 60 is divided by 10?
0
What is the remainder when 642 is divided by 46?
44
Calculate the remainder when 12702 is divided by 205.
197
What is the remainder when 549 is divided by 172?
33
What is the remainder when 192 is divided by 67?
58
What is the remainder when 69 is divided by 13?
4
Calculate the remainder when 11246 is divided by 163.
162
What is the remainder when 198 is divided by 53?
39
What is the remainder when 104 is divided by 19?
9
Calculate the remainder when 566 is divided by 39.
20
What is the remainder when 79 is divided by 2?
1
Calculate the remainder when 364 is divided by 61.
59
What is the remainder when 14415 is divided by 34?
33
What is the remainder when 234 is divided by 16?
10
What is the remainder when 295 is divided by 8?
7
What is the remainder when 9508 is divided by 37?
36
Calculate the remainder when 635 is divided by 628.
7
What is the remainder when 70 is divided by 30?
10
Calculate the remainder when 1309 is divided by 83.
64
What is the remainder when 2336 is divided by 130?
126
Calculate the remainder when 231 is divided by 108.
15
What is the remainder when 473 is divided by 57?
17
What is the remainder when 209 is divided by 21?
20
Calculate the remainder when 850 is divided by 26.
18
What is the remainder when 769 is divided by 20?
9
What is the remainder when 21 is divided by 6?
3
Calculate the remainder when 110 is divided by 29.
23
Calculate the remainder when 374 is divided by 118.
20
Calculate the remainder when 16 is divided by 5.
1
Calculate the remainder when 752 is divided by 12.
8
What is the remainder when 890 is divided by 19?
16
Calculate the remainder when 19892 is divided by 5.
2
Calculate the remainder when 144 is divided by 30.
24
Calculate the remainder when 2410 is divided by 2.
0
What is the remainder when 80 is divided by 3?
2
Calculate the remainder when 254 is divided by 3.
2
What is the remainder when 83 is divided by 45?
38
Calculate the remainder when 5875 is divided by 1953.
16
Calculate the remainder when 181 is divided by 46.
43
What is th